 - -3))?
2
Evaluate 8 + 8 + (-16 - -2).
2
What is 0 + -1 - 1 - (-9 - -9)?
-2
What is the value of -40 - -33 - (-2 - 0)?
-5
What is the value of -3 + (3 - ((-8 - -3) + 4))?
1
What is (-2 - 2 - 3) + 4?
-3
What is the value of 1 + -2 - (1 + 1 + -1)?
-2
Calculate 0 + -1 + 6 + -18 - -4.
-9
What is the value of 1 + 1 - 6 - (-160 - -152)?
4
(-1 - -6) + 4 + -16
-7
What is -6 - 1 - ((-27 - -3) + 16)?
1
What is -3 - (-3 - -5 - 0)?
-5
What is 4 + (4 - (-5 - -10)) - 0?
3
Calculate 0 + -1 + 6 - 9.
-4
Calculate 0 + -3 - (2 + -8).
3
Calculate 11 + (-23 - -1 - -10).
-1
What is the value of (-2 - -3) + (-15 - -10)?
-4
(4 - 6) + 3 - (1 + -2)
2
(-3 - -4) + (2 - 4)
-1
6 - (6 + 2 + -8) - 0
6
Calculate -35 + 36 - (6 + 0 + -1).
-4
Evaluate (-2 - (3 + -1)) + 6.
2
Calculate (1 - -15 - 9) + -3.
4
What is (68 - 62 - (22 + 0)) + 7?
-9
Calculate (1 + -6 + 3 - -4) + 1.
3
What is the value of 4 - (-2 + 7) - 8?
-9
What is 5 + 4 + -4 + -2?
3
What is the value of 1 - (6 + 1 - 11)?
5
5 + (0 + -7 - -1)
-1
What is the value of 0 + -12 - (141 - 161)?
8
Evaluate 11 + -5 + -2 + 1.
5
What is the value of -1 - (1 - (1 - 2))?
-3
Calculate 5 - (19 - 10 - 3).
-1
What is the value of -4 - (-6 - (1 - 3))?
0
What is (12 - 2) + (9 - 18)?
1
Evaluate (-1 - (-3 - 1)) + 2.
5
What is the value of (-10 - 1) + 8 + 1?
-2
What is 5 + 2 + -5 - (-5 + 3)?
4
What is -5 + (3 - (1 - -2))?
-5
What is the value of 2 + 4 + 2 - 5 - 5?
-2
Evaluate 7 - (-2 - (-16 + 5)).
-2
Evaluate -1 - (8 + -3 + -2).
-4
What is the value of 1 - -2 - ((-4 - -6) + -4)?
5
What is the value of 8 + -3 - (23 + -19)?
1
Evaluate 4 - (0 - -1) - (-28 + 25).
6
Calculate (-34 - -33) + (0 - 5).
-6
Calculate 0 - (3 + 2 + 2 + -4).
-3
Evaluate 3 - (4 + -5 + 4 + -3).
3
(9 - 14) + 11 - (1 - -4)
1
Calculate -1 + 4 + -7 + 1 - -4.
1
Evaluate 9 + -8 - (3 - 5).
3
-32 - -47 - (0 - -8)
7
Calculate 2 - ((-2 - -5) + -3).
2
Calculate 18 - 26 - (-12 + 0).
4
(-5 - 2) + (27 - 24)
-4
What is 7 + -8 - -5 - 9?
-5
What is the value of 17 + (2 - 3) + -12?
4
Evaluate 2 + -1 + (13 + -2 - 10).
2
Calculate -3 + -1 - (1 - 3 - -2).
-4
What is (-12 - -9) + 9 + -2?
4
What is 3 - ((0 - -4) + (-6 - -5))?
0
What is 0 + -2 + (-2 - (-1 + 1))?
-4
(-6 - (-2 - 5)) + (-2 - 4)
-5
-25 - -18 - (-1 - 1)
-5
1 + 4 + (4 - 14)
-5
(6 - 0) + 16 + -18
4
What is -6 + (6 - -7 - 10)?
-3
Calculate 5 + (-7 - -1) + (-1 - -5).
3
1 - 1 - (-1 - 1)
2
-2 + 0 - (-1 - 1)
0
0 + -4 - (-9 + 9)
-4
Evaluate 1 - -2 - 2 - 6.
-5
Calculate 5 - 5 - (2 + (-2 - 5)).
5
Evaluate 6 + (7 - (-7 + 28)) - -7.
-1
What is the value of -1 + -11 - (-83 + 72)?
-1
2 - (2 + -6 + 3)
3
Calculate -18 + 9 + 3 + -2.
-8
What is the value of -4 + 2 + (-3 - -2 - -2)?
-1
16 + -10 + -5 - -2
3
1 - (6 - (0 - -3) - 7)
5
(-12 - -7) + -4 - (1 - 2)
-8
-2 - (5 + -3 + -5 - 2)
3
What is 9 + 12 + -10 + -2?
9
Evaluate 8 + -24 + 9 + 7 + -1.
-1
Evaluate -8 - (0 - -4 - 15).
3
Evaluate (1 - 2) + -6 - -5.
-2
What is 0 + (-6 - (7 + -19))?
6
What is the value of 6 - -7 - (-1 - -8)?
6
What is the value of (10 - 7 - 9) + 2?
-4
Calculate -1 + (0 - (3 + 4 + -4)).
-4
-8 - 1 - -1 - (1 - 2)
-7
What is the value of (-5 - -4) + 2 + 1?
2
Evaluate 3 - -1 - (0 + 2 + 7).
-5
Calculate -4 - (-1 + -7) - 6.
-2
Evaluate (-4 - (-10 - -8)) + (-3 - -2).
-3
1 - (16 + -5 + -3)
-7
Calculate (4 - 2) + 3 + -12.
-7
What is the value of 0 + -5 + -7 + 8?
-4
4 - (14 - 8) - 3
-5
Evaluate -1 - (0 + -8) - 0.
7
Evaluate 2 - (7 + -6 + -2).
3
Calculate 1 - (-1 + 9 + -5).
-2
What is the value of 7 + (-6 - (4 + -8) - 3)?
2
Calculate -4 - -1 - (-2 - (-1 - -1)).
-1
Calculate (-7 - -2) + -9 + 15.
1
Evaluate -6 + 1 + -2 + -2 + 6.
-3
Evaluate (-7 - -2) + -3 + 12.
4
What is -4 - (0 + 6 + -2 + -4)?
-4
What is the value of (8 + -2 - 2) + -4?
0
What is 5 + 1 - 0 - 0?
6
What is the value of -2 - -4 - (-2 - -8)?
-4
What is 0 - (-5 + 2) - 3?
0
(5 + -2 - 5) + -1 + 9
6
What is the value of 1 + (-10 + 6 - -13 - 6)?
4
What is the value of -2 + (2 - -2) + 0?
2
What is the value of 43 + -41 + (-2 - 0 - 0)?
0
What is the value of 1 + (-9 - -5) + (4 - 0)?
1
Evaluate 2 + 4 + 0 + -4.
2
What is 5 + -8 + 3 + -3?
-3
What is the value of -5 + 9 + 1 + -3 - -3?
5
Calculate 25 + -26 - (-5 - -3 - -6).
-5
What is 3 + 2 + -5 - (-6 - -7)?
-1
Evaluate 1 - 4 - 1 - (-5 - -4).
-3
Calculate -9 + (12 + -6 - 6) + 3.
-6
Evaluate (7 + 4 - 6) + -1.
4
Calculate (18 - 19) + (2 - 0).
1
Evaluate 0 + -1 + (-21 - -20).
-2
7 + 3 + -5 + 5 + -2
8
What is the value of -1 + -1 - (1 - (0 + 3))?
0
-3 + 6 - (2 + 7)
-6
Calculate 3 - (1 + (5 - 5)).
2
What is 5 + -2 + -8 - -3?
-2
What is 1 + 5 + (-3 - -1) + -4?
0
Calculate -9 + 7 + -3 + 10 + 0.
5
4 + -5 + (0 - 3) - 0
-4
Evaluate 0 + (-4 + 1 - (0 - 6)).
3
What is the value of (-4 - (-6 + 2)) + 0 + 4?
4
What is the value of -4 + 3 + (-4 - -4) + 0?
-1
What is the value of 0 - (2 - (9 - 4))?
3
What is the value of 6 + -4 + -6 - (4 + -3)?
-5
Calculate -7 + -5 + (5 - -5).
-2
Calculate 1 + -1 - (6 + 1) - -5.
-2
What is the value of (4 - -2) + (5 + -3 - 3)?
5
What is (44 - 43) + -4 + 14?
11
What is the value of 3 + -2 + -2 - 3?
-4
Evaluate 0 + -4 - (3 + -23 - -19).
-3
What is the value of -4 + 4 - (-1 + (-1 - -7))?
-5
What is the value of -2 + (-5 - (-9 - -5))?
-3
Calculate 1 + 8 + (-10 - -2) + 4.
5
What is the value of (-66 - -70) + (-3 - 0)?
1
What is -1 + (9 - 3) + -7?
-2
Calculate (1 - 5) + (4 - -6 - 4).
2
What is -6 + 1 + 0 + -9 + 4?
-10
1 - (2 - 9 - -10)
-2
Calculate 2 + (-5 - -1 - 0).
-2
Calculate 4 + (-2 + 3 - (2 - -1)).
2
Calculate 0 - (1 + 4 + -13 - -6).
2
What is the value of 4 - (-3 - -4) - 4?
-1
-2 - -4 - (0 - 3)
5
-3 - (0 - (18 - 7) - -7)
1
Evaluate 17 - 7 - (5 - -1).
4
What is 4 + 8 + -5 + -2 - 3?
2
(4 - (-8 - -4)) + -15 + 3
-4
What is (-11 + 10 - -8) + -8?
-1
What is -1 - (-2 + (2 - 2)) - 0?
1
What is the value of 2 - 9 - (15 - 26)?
4
What is 4 + -1 + (7 + -7 - 4)?
-1
What is the value of -1 + -1 + 3 + -1 + -2?
-2
Calculate 15 + -16 + (-1 - 0).
-2
Evaluate 24 + -4 + 24 + -39.
5
Calculate 12 - (-11 + (10 - -14)).
-1
What is 0 + -2 + -1 + 1?
-2
Calculate 3 - 3 - (2 + -3).
1
Calculate (-2 - 2) + (9 - 2).
3
Calculate 4 + (-9 - -1) - -1 - 0.
-3
What is -7 + (-2 + 1 - 2) + 5?
-5
1 - -1 - (6 - (-5 + 9))
0
What is the value of (1 - 0) + 3 + -2 + 1?
3
What is 12 + (-10 - -4) + -9?
-3
Evaluate (5 - (1 + 0)) + (-20 - -19).
3
Calculate 1 - 17 - (19 - 34).
-1
Evaluate (-4 - (-1 + -5)) + 3 + 4.
9
Calculate -4 - (13 + -9) - 1.
-9
Evaluate 1 + -1 + 2 + (8 - 8).
2
-6 + (6 - 5 - -8) + -4
-1
Evaluate -7 - (-2 + 0) - -4.
-1
What is (-1 - (-2 + -2) - 1) + -1?
1
Evaluate 21 + -26 - (-2 + (2 - 5)).
0
Calculate 5 - -1 - (-23 + 26) - -1.
4
2 - (0 + -1 - (-26 - -21))
-2
What is the value of (2 - -1) + (10 - 2 - 9)?
2
What is the value of -1 + 2 + (-51 - -45)?
-5
11 + -11 + -6 + (0 - 1)
-7
Evaluate 4 - (6 - (-2 + 7)).
3
-8 + -1 + (-9 - -8) + 6
-4
What is -7 - -1 - (-2 + -8)?
4
-1 - -11 - (-7 + -5 - -18)
4
Calculate (-2 - 0) + -2 - (0 - -1).
-5
Calculate -2 + -1 + 0 - (3 - 5).
-1
What is (0 - -9) + (3 - 10)?
2
Calculate (-5 - -2) + (1 - 0) - -3.
1
-8 + 11 - (0 - -2)
1
Evaluate (1 - (2 + 4 - 3)) + -1.
-3
What is the value of 0 + -9 - (0 + -24 + 23)?
-8
What is the value of 9 - (-1 - (-3 + 7) - -9)?
5
Evaluate -4 + (13 - -6) + -9.
6
What is (22 - 20) + (2 - -1)?
5
What is -3 + -3 + 4 - -3 - 1?
0
Calculate 11 + (-6 - -1) - 1.
5
7 + -6 + (3 - 9 - -7)
2
What is the value of -5 - (-1 + -5) - (4 + -1)?
-2
What is 2 + (0 - 2) + 0 + -5?
-5
What is the value of -1 + 6 - (-1 + 0 + 1)?
5
What is (-1 - 3 - 0 - -1) + 6?
3
What is -87 - -79 - (1 + -12)?
3
What is the value of -15 + 3 - (-6 + 0)?
-6
Evaluate (-5 - 1) + -4 + 9 + 8.
7
What is the value of 1 + -3 + -2 + 2 - 3?
-5
What is the value of -9 - (-8 + 1 - -3)?
-5
1 + -2 + 2 + -7 + 2
-4
Calculate 2 + (-3 - -5 - 5).
-1
What is (5 - 0) + -12 - (-7 + 4)?
-4
Calculate 0 + (1 - 1) - 4 - -8.
4
What is -2 - ((-1 - 13) + -55 + 61)?
6
What is -15 + 3 + 8 + -1?
-5
What is the value of 1 + -2 + (-18 - -17)?
-2
What is the value of 0 + 2 + 1 + -3 + 0?
0
(-10 - 2) + 2 - -5
-5
What is 12 + -5 + -5 + -4?
-2
Calculate 11 + -10 - (1 - (-2 + 4)).
2
What is -11 + (-4 - (0 - 12))?
-3
What is the value of -1 + 10 + -11 + 5?
3
What is the value of -1 - (-2 - (-4 + 5)) - -1?
3
What is the value of -2 - (-9 + 4 + 0 - -4)?
-1
What is the value of -2 - (-3 - -1) - (-2 - -3)?
-1
What is 0 + (-9 - -18) -